 14, what is -21a826 - 5?
-21a82b
In base 2, what is -10101100000111100 + 11001111?
-10101011101101101
In base 13, what is -22 - -41498a4?
4149882
In base 8, what is 161366131 + 3?
161366134
In base 10, what is -12341 - 4175?
-16516
In base 10, what is -185727 + 55?
-185672
In base 11, what is -716a2 - 141?
-71833
In base 11, what is 5 + 170966?
170970
In base 6, what is 1 - -103513144?
103513145
In base 4, what is 1 - 200012202210?
-200012202203
In base 4, what is 13303301302 + -11?
13303301231
In base 8, what is 31 + -16511512?
-16511461
In base 10, what is 16 - -17793892?
17793908
In base 14, what is 14992 + 188a?
1643c
In base 10, what is -7 + -2145079?
-2145086
In base 3, what is -10 + -2001201210022220?
-2001201210100000
In base 15, what is -87e694 - 75?
-87e719
In base 3, what is 101010122 - 212002?
100021120
In base 10, what is 7501564 - -8?
7501572
In base 2, what is -1001101 - 101101100111011001?
-101101101000100110
In base 6, what is 12003 - -4444552?
4500555
In base 10, what is 6860848 - 12?
6860836
In base 3, what is 12101021 - 110211221?
-21110200
In base 6, what is -23104450 - 1005?
-23105455
In base 2, what is -1010100111110101 + -1011100010?
-1010110011010111
In base 7, what is -1 + 112220005?
112220004
In base 11, what is -6213 + -901?
-7014
In base 13, what is 55247b5 + 5?
55247ba
In base 12, what is 67453b1 - 12?
674539b
In base 8, what is 3 + 24725350?
24725353
In base 15, what is 4b - 11b2?
-1166
In base 13, what is 4 - 156800?
-1567c9
In base 4, what is 100200 - -10210?
111010
In base 13, what is -216 - -254203?
253cba
In base 4, what is 10 + 3203233130131?
3203233130201
In base 13, what is -3 + 4a9a021?
4a9a01b
In base 14, what is -32582b9 - 1?
-32582ba
In base 2, what is 110110010 + -11111111111?
-11001001101
In base 14, what is -1659d35 + 4?
-1659d31
In base 14, what is 4d7686b - 5?
4d76866
In base 16, what is -274e - 3cf?
-2b1d
In base 10, what is 9 + -580250?
-580241
In base 11, what is 194 - -58052?
58236
In base 5, what is -24230334044 + -13?
-24230334112
In base 4, what is 2233031100113 + 0?
2233031100113
In base 16, what is ed516 + -14?
ed502
In base 16, what is -6 + b94138?
b94132
In base 11, what is 1956 + 400?
2256
In base 8, what is 6142 - 4043?
2077
In base 16, what is -16641d18 + 5?
-16641d13
In base 8, what is -6 + -26150117?
-26150125
In base 12, what is -4 + -89441b?
-894423
In base 5, what is 0 - 1441442322?
-1441442322
In base 12, what is 9aa09 - -46?
9aa53
In base 16, what is -80 + 425bf?
4253f
In base 5, what is -113011323 + 23?
-113011300
In base 3, what is 102 - 112120221220200?
-112120221220021
In base 7, what is 11101 - 23423?
-12322
In base 4, what is 10 + -30221331032?
-30221331022
In base 12, what is -4 + 694597a?
6945976
In base 4, what is -32222202 + -1132021?
-100020223
In base 12, what is -a3598 - -431?
-a3167
In base 11, what is 6742932 + -33?
67428aa
In base 5, what is 4 - 404340302?
-404340243
In base 11, what is 8 - -94a4509?
94a4516
In base 10, what is 15 - 6857?
-6842
In base 2, what is -110000101001110010 - 10010100000?
-110000111100010010
In base 4, what is 10321020 + -103120?
10211300
In base 10, what is -95 - -3956?
3861
In base 7, what is 0 - 5121366442?
-5121366442
In base 11, what is -46440 + 222?
-46219
In base 16, what is 1bb053 - 4?
1bb04f
In base 6, what is -454535402 - 2?
-454535404
In base 6, what is 342225 + 13123?
355352
In base 16, what is 1 + -18831c?
-18831b
In base 6, what is 25 - 4443554?
-4443525
In base 10, what is -1 - 1228204?
-1228205
In base 14, what is 4 - -255a3d?
255a43
In base 15, what is 12027d3 + -2?
12027d1
In base 6, what is -10 - 12553135323?
-12553135333
In base 13, what is 27439 + -510?
26c29
In base 16, what is 6 + -2629377?
-2629371
In base 11, what is 97826 - -11?
97837
In base 3, what is -1111221100210112 + 12?
-1111221100210100
In base 15, what is -940 - 24e98?
-258d8
In base 9, what is 7883 - -28717?
37711
In base 16, what is -2d + -574881?
-5748ae
In base 14, what is -5a08259 - 3?
-5a0825c
In base 4, what is 112111131200 + -1?
112111131133
In base 11, what is -2905aa5a - -3?
-2905aa57
In base 11, what is -58939554 - 6?
-5893955a
In base 9, what is -3 - -452138665?
452138662
In base 11, what is -6 + 28084a8?
28084a2
In base 3, what is -1000102111112012 + 10?
-1000102111112002
In base 13, what is -3 + -21a4390?
-21a4393
In base 5, what is -434114 + 200012?
-234102
In base 11, what is 61816865 - 8?
61816858
In base 13, what is 216 + -38222?
-38009
In base 6, what is -2 - -44002011114?
44002011112
In base 6, what is 104203503 - -1?
104203504
In base 13, what is -24493 + -3628?
-27abb
In base 7, what is 4 - -13661541?
13661545
In base 2, what is -110000 + 11001010011011000101?
11001010011010010101
In base 13, what is 2224 + -46063?
-43b3c
In base 10, what is -68243 + 3004?
-65239
In base 7, what is 134120133 - 113?
134120020
In base 10, what is -1486707 - 4?
-1486711
In base 14, what is 1ac763 + 59?
1ac7bc
In base 3, what is -122100122011120 + 1001?
-122100122010112
In base 15, what is -242 - 45c9?
-481b
In base 16, what is 1a + 6f4d5?
6f4ef
In base 2, what is 10111011010011001011111110110 - -1?
10111011010011001011111110111
In base 11, what is -83239a + -2?
-8323a1
In base 9, what is -336353843 + 0?
-336353843
In base 10, what is -205654645 - 0?
-205654645
In base 5, what is -1232322 - 141343?
-1424220
In base 7, what is 211 + -5434653?
-5434442
In base 15, what is 14 - -46843?
46857
In base 9, what is 31 - -2366584?
2366625
In base 6, what is 13155 + 3314?
20513
In base 7, what is 40 - 4216100?
-4216030
In base 5, what is -4 + -411004423?
-411004432
In base 11, what is -2454 - 28691?
-30035
In base 14, what is 34973ac + 1?
34973ad
In base 6, what is 0 + 103450423111?
103450423111
In base 7, what is 4 - 1101241011?
-1101241004
In base 11, what is 1a - -373320?
37333a
In base 9, what is -3 - -72172773?
72172770
In base 11, what is -6 - -39480?
39475
In base 6, what is 232 + 1003143?
1003415
In base 6, what is -4024133 - -11?
-4024122
In base 6, what is -2 + 531330512?
531330510
In base 11, what is 4 + -1a663935?
-1a663931
In base 12, what is 4 + -366457?
-366453
In base 7, what is -4655644 - -36?
-4655605
In base 3, what is -2000 + -10200101110220?
-10200101112220
In base 6, what is -154 + -3435124?
-3435322
In base 2, what is 1010 - -1001101111011010100101111?
1001101111011010100111001
In base 10, what is -5713 + -7622?
-13335
In base 2, what is -11010111010100100001 - -110000010?
-11010111001110011111
In base 13, what is 22ab6a - -3?
22ab70
In base 12, what is -2583b - -2359?
-234a2
In base 15, what is 1cb2e + 29e2?
20621
In base 14, what is -13d1287 + 0?
-13d1287
In base 12, what is 0 - -16ab40a8?
16ab40a8
In base 14, what is 67b00 + -16c?
67972
In base 7, what is -4331 + 1135644?
1131313
In base 2, what is 10000011000 - -100110011110110111?
100110101111001111
In base 13, what is 14c - -4c5c83?
4c6102
In base 13, what is -3 + -6ca72?
-6ca75
In base 16, what is 9b8c9c - 6?
9b8c96
In base 2, what is 110100010001010110111 + -11010101?
110100010000111100010
In base 15, what is 5 + 399e65d?
399e663
In base 8, what is 2 - -35214775?
35214777
In base 11, what is 6084a4 + -11?
608493
In base 2, what is -1110111011101 + -111100101001?
-10110100000110
In base 12, what is 3 - 24a651?
-24a64a
In base 13, what is -b1b5844 + -7?
-b1b584b
In base 13, what is -28 + -123634?
-12365c
In base 4, what is 200333013202 - -212?
200333020020
In base 16, what is -12 + 20b5b6c?
20b5b5a
In base 11, what is -679 + -82086?
-82754
In base 4, what is -1 + 110111111012?
110111111011
In base 8, what is -3 + -65257?
-65262
In base 6, what is -551 - 10245351?
-10250342
In base 14, what is -4ab - -880?
3b3
In base 13, what is 23a984 - 63?
23a921
In base 15, what is a7 + -1caa45?
-1ca98d
In base 5, what is -10 + -342222311?
-342222321
In base 10, what is -17 - 140020?
-140037
In base 7, what is 1 - 1524212265?
-1524212264
In base 7, what is -12325 + -444246?
-456604
In base 14, what is -1 + -379dc0d?
-379dc10
In base 9, what is -136 - -331316?
331170
In base 16, what is -49 + 17de5?
17d9c
In base 12, what is 19415a - -9?
194167
In base 16, what is b + -1e1e69?
-1e1e5e
In base 7, what is 15044615564 + 0?
15044615564
In base 9, what is 324317 + 4466?
328784
In base 9, what i